3 = 4*n, 3*k = 3*n - 6*n + 228. Suppose 2*i = 15 + 27. Let p = n - i. What is the tens digit of p?
5
Let h be ((-484)/6 + 2)*3. Let r be 0 + (-4 - h)/4. What is the units digit of 1*r*5/10?
9
Let d(m) = -m**3 + 7*m**2 - 8*m - 12. Let v be d(5). Let n be ((-1 + 1)*(-1)/v)/(-1). Suppose -750 = -n*b - 6*b. What is the units digit of b?
5
Let x = 12 + -9. Suppose x*h - 162 = 2*h. Suppose 4*y - h = 166. What is the units digit of y?
2
Let y(i) = 1 + 9*i**2 + i**3 + 3*i**2 + 0 - 12*i - 4*i**2. Let f be y(-5). Suppose 0 = -c + f - 49. What is the units digit of c?
7
Let u(g) = 499*g - 3754. What is the hundreds digit of u(95)?
6
Let m = 54360 - 29955. What is the hundreds digit of m?
4
Suppose 0 = 2*b - 8, 5*g - 11*b + 10*b + 29 = 0. Let v(f) = 22*f**2 - 9*f - 35. What is the hundreds digit of v(g)?
5
Suppose -a + 473 = -6*a - 4*b, 5*a = b - 463. Let z = a + 96. Suppose -m + 2*m - 5*x = 11, -2*m + z*x = -8. What is the units digit of m?
1
Let n be (-204)/(-714) + 2 + 141/21. Let s(x) = 130*x - 1. Let q be s(1). What is the tens digit of q/n*(-2 + 5)?
4
Let t(f) = 42*f**2 - 34*f + 3. Let v be t(-7). Suppose 0 = 3*o + 5*j - v, 6*o - 4*j - 1562 = 4*o. What is the units digit of o?
3
Let x(q) = -958*q - 148. What is the hundreds digit of x(-17)?
1
Suppose 2*i = -12*i + 42. Let v(m) = -2*m**2 + 9*m - 6. Let a be v(i). Suppose -5*f = 2*k - 2*f - 112, -k - a*f = -62. What is the tens digit of k?
5
Let b be 4 - ((-27250)/60 + (-1)/(-6)). Suppose 5*g + 3*c = b, -2*g + 4*c + 62 + 116 = 0. What is the tens digit of g?
9
Let l = 117 - -564. Suppose 5*d - 4*q = l, 0 = d - q + 2*q - 129. What is the tens digit of d?
3
Let l(j) = 5*j**3 + 8*j**2 - 9*j + 24. Let o be (-4)/(-14) + (-858)/(-182). What is the tens digit of l(o)?
0
Suppose 1346405 - 14910279 - 927674 = -459*p. What is the units digit of p?
2
Let s(p) = -p**2 + 13*p - 6. Let z be s(12). Let r(m) = -m**3 + 9*m**2 - 5*m - 7. Let t be r(z). Let q = 164 - t. What is the units digit of q?
3
Let n be -1*(8 + (-7)/(7/15)). Let x(t) = -2*t**3 - 14*t + t**3 - 5 + 0 + 11*t**2. What is the units digit of x(n)?
3
Let x = 74 + -54. Let m(b) = b**2 - 9*b - 38. Let i be m(x). Suppose -5*y + 103 = -5*d - i, -d = 4. What is the tens digit of y?
5
Suppose 3*n + 4053 = -4*k + 39287, -35248 = -4*k + 4*n. What is the units digit of k?
0
Let d(c) = -14*c**2 - 24. Let s(t) = 9*t**2 + 16. Let a(j) = -5*d(j) - 7*s(j). Let f = 2713 + -2709. What is the tens digit of a(f)?
2
Suppose 70 = t + 11. Suppose -t*h = -64*h + 10. Suppose -3 = i + y - 109, -y - 209 = -h*i. What is the units digit of i?
5
Let k = 757 + -757. Suppose -17*h - 16*h + 56694 = k. What is the thousands digit of h?
1
Let n(d) = -d**2 + 9*d + 2329. What is the tens digit of n(0)?
2
Suppose -897*b = 4*o - 892*b - 20643, 0 = -o + 2*b + 5151. What is the tens digit of o?
5
Let n = 747 - 1226. Let l = 708 + n. What is the hundreds digit of l?
2
Suppose -21 + 154 = 7*f. Suppose 25*y - 2226 = f*y. What is the units digit of y?
1
Let o = -234 + 233. What is the tens digit of o/(300/(-294) + 2/2)?
4
Suppose 5*i - 20 = 5*c, -4*c + 5*i - 18 = -0*c. Let p(t) = 2*t**2 + 4*t + 2. Let m be p(c). What is the units digit of 64 + m - (-12)/(-12)?
5
Suppose -3*b - 2*i = 0, 4*i = b - i - 17. Suppose -4*r = -b*p - 1790, -2*p + 1 + 9 = 0. What is the hundreds digit of r?
4
Suppose 0*w = -w + 3*b + 363, 4*b - 1834 = -5*w. Let r be (-10)/(-2)*w/10. Let l = r - -91. What is the tens digit of l?
7
Let f(s) = -142*s + 71*s + 70*s + 6*s**2 + 44. What is the tens digit of f(-6)?
6
Let n = -261 + 280. Let z(k) = 16*k - 12. What is the units digit of z(n)?
2
Suppose 3*k - s = 1469, 0 = 3*k - 3*s - 1003 - 464. Let f = k - 304. Suppose v - 10 = -r + f, 4*r = 3*v + 770. What is the hundreds digit of r?
1
Let l(x) = 23*x**2 - 8*x + 3. Let q(o) = o + 3. Let j be q(0). Let c be l(j). Suppose -c - 378 = -6*m. What is the units digit of m?
4
Let w = -1357 - -789. Let t = -190 - w. What is the tens digit of t?
7
Let q = -25948 - -44999. What is the tens digit of q?
5
Suppose -3155084 = -55*t - 34*t - 29*t. What is the ten thousands digit of t?
2
Suppose -z + s + 16045 = 0, -5*z + s - 2882 + 83119 = 0. What is the units digit of z?
8
Let p be (-7)/14 - (-19)/2. Suppose -s + 359 = -5*w, -4*w + 1708 = -4*s + p*s. What is the hundreds digit of s?
3
Suppose -1 = j - 2*j. Suppose 0 = z + 4*c + 18, -z - 2*c - 7 = j. What is the tens digit of -2*((z - 5) + -9)?
2
Let r(b) = -3*b + 79. Let t be r(25). Suppose 5 = -5*g + 10, t*a = 5*g + 831. What is the hundreds digit of a?
2
Suppose 0 = -36*g + 32*g + 18204. What is the thousands digit of g?
4
Suppose -3*r + r + 4 = 0, 3*p + 4*r - 23 = 0. Suppose 3*c - p - 10 = 0. What is the units digit of c?
5
Suppose -182148 = -39*l - 4*l. What is the thousands digit of l?
4
Let r(w) = 7*w + 31. Let u be r(-4). Suppose 7*x - 614 = 3*x + t, -456 = -u*x + 3*t. What is the tens digit of x?
5
Let p = 1735 - 1008. Let o = 1092 - p. What is the units digit of o?
5
Let d(b) = -24*b + 12. Let l be d(0). What is the units digit of 2*(-213)/l*-4?
2
Let a(o) = 32*o**2 + 20*o - 414. What is the ten thousands digit of a(-22)?
1
Let u(v) = v**3 - 30*v**2 - 32*v + 19. Let b be u(31). What is the hundreds digit of -4 - b - 1058/(-2)?
5
Let r(v) = 8 + 2 + v - 2*v**2 - 16*v + 4. Let o be r(-10). Let j = o - -61. What is the units digit of j?
5
Suppose -2*n + 12500 = 4*d, 3*d = 3*n + 8*d - 18746. What is the tens digit of n?
4
What is the hundreds digit of 2/(-13) + 21015151/767 + -3?
3
Let o(v) = v**2 + 39*v - 13. Let m be o(-35). Let x = m + 275. What is the units digit of x?
2
Suppose r - 14 = -r. Let x = 21 - -9. What is the units digit of x + r/(21/(-12))?
6
Let c be (-4316)/(-6) + 30/45. What is the units digit of ((-27)/6)/((-3)/c*3)?
0
Suppose -403*c = -407*c + 28, 4414 = k - 3*c. What is the units digit of k?
5
Let g(b) = b**3 - b**2 - b + 1086. Let w be g(0). Suppose 5*z + 4*d = 1817, -z = -4*z - d + w. What is the tens digit of z?
6
Suppose 4*y + 4*v + 148 = -128, 0 = 2*v - 2. What is the hundreds digit of (2 + -24)*y/7?
2
Suppose 866 = 6*f - 730. Let w = f + -29. Suppose 4*o = 419 + w. What is the tens digit of o?
6
Suppose 0 = -v - 5*p + 8516, -v - 7*p + 4*p + 8510 = 0. What is the units digit of v?
1
Suppose 4*i = -5*w - 52, 5*i + 34 + 22 = -4*w. Let p = -1921 - -1829. What is the units digit of p/(-16) + (-2)/i?
6
Let u = 10734 - 5748. What is the units digit of u?
6
Suppose 0 = 27*m - 101*m + 588152. What is the thousands digit of m?
7
Suppose 0 = -82*a + 80*a - 20. Let p be (a/4)/(5/(-4)). Suppose -3*k + 367 = h - 3*h, 2*h + 242 = p*k. What is the hundreds digit of k?
1
Suppose h = 1642 + 285. Suppose 0 = -10*m - h + 13757. What is the tens digit of m?
8
Let m(l) = -l**3 - 12*l**2 + 11. Let v be m(-12). Suppose -12869 = -v*g + 1156. Suppose -5*i + 0*i + g = 0. What is the tens digit of i?
5
Suppose 2*r = -r + 186. Let b = r + 25. Let k = 156 - b. What is the units digit of k?
9
Let w = -9298 + 20010. What is the hundreds digit of w?
7
Let a be (-15)/(-5) + (-2)/4*-482. What is the tens digit of 1/(4/4)*a?
4
Let l(d) = 7*d + 65. Let o be l(-15). What is the tens digit of (-1143)/(-5) - (16/o)/1?
2
Let a(w) = 5438*w**2 - 125*w - 25. What is the units digit of a(2)?
7
Let d = 237 + 25452. What is the tens digit of d?
8
Let u be 6/20 - 45/150. Suppose u = -a - 5*x + 315 + 250, 4*x + 4 = 0. What is the units digit of a?
0
Suppose -2*a + 12 = -44. Suppose -27*w - 469 = -a*w. What is the tens digit of w?
6
Let t(q) = -q + 7. Let j = 9 - 5. Let w be t(j). Suppose 0 = 5*k - w*m - 1036 - 451, -2*m = 3*k - 896. What is the hundreds digit of k?
2
Let u(t) = 17*t + 1. Let h = -36 - -55. Suppose -4*k + h = 3*x, 5*k - 3*k + 18 = 4*x. What is the tens digit of u(k)?
1
Suppose 3*z + 36343 = b, 2*z - 6*z = -b + 48457. What is the tens digit of (-204)/(-340) - z/10?
1
Let k(l) = 23*l**2 - 50*l - 196. What is the hundreds digit of k(14)?
6
Suppose -598*f + 843*f = 10422545. What is the tens digit of f?
4
Let f(k) = 1764*k**2 + 15*k - 14. What is the hundreds digit of f(-2)?
0
Suppose -j = -3*q + 3, 3*q - 12 = 7*q + 4*j. Suppose 5*m - 140 = -5*g, 2*g - 2*m = -q*g + 76. What is the tens digit of g?
3
Let r be 3*(-11)/(165/(-20)). Suppose -5*t + x + 1223 = -2*x, 248 = t - r*x. What is the units 